
Is 1417 a multiple of 97?
False
Is 11571 a multiple of 29?
True
Is 159 a multiple of 12?
False
Is 20 a factor of 12360?
True
Is 4188 a multiple of 33?
False
Does 3 divide 141?
True
Is 564 a multiple of 12?
True
Is 59 a factor of 437?
False
Does 16 divide 784?
True
Is 13 a factor of 16668?
False
Does 520 divide 116213?
False
Is 67931 a multiple of 132?
False
Is 1683 a multiple of 33?
True
Is 83776 a multiple of 40?
False
Is 12 a factor of 16895?
False
Does 6 divide 589?
False
Does 52 divide 1664?
True
Is 50 a factor of 42050?
True
Does 33 divide 1205?
False
Does 6 divide 1951?
False
Does 69 divide 55131?
True
Is 3 a factor of 1122?
True
Does 9 divide 2016?
True
Is 49632 a multiple of 32?
True
Does 142 divide 38198?
True
Does 10 divide 2620?
True
Is 2316 a multiple of 12?
True
Does 14 divide 630?
True
Is 4518 a multiple of 58?
False
Is 4 a factor of 81?
False
Is 7 a factor of 25259?
False
Is 225 a multiple of 25?
True
Does 22 divide 45166?
True
Is 107 a factor of 5628?
False
Is 48 a factor of 11760?
True
Is 11 a factor of 979?
True
Is 22 a factor of 5192?
True
Is 1794 a multiple of 5?
False
Does 164 divide 29872?
False
Does 13 divide 297?
False
Does 14 divide 21378?
True
Is 51 a factor of 4748?
False
Is 697 a multiple of 2?
False
Is 500 a multiple of 25?
True
Does 28 divide 784?
True
Does 42 divide 2058?
True
Does 60 divide 300?
True
Is 17 a factor of 2026?
False
Is 2466 a multiple of 14?
False
Does 51 divide 153?
True
Does 11 divide 6050?
True
Is 3317 a multiple of 25?
False
Does 16 divide 9408?
True
Is 9 a factor of 3246?
False
Does 12 divide 196?
False
Does 19 divide 700?
False
Is 7700 a multiple of 25?
True
Is 2430 a multiple of 15?
True
Is 14 a factor of 903?
False
Is 327 a multiple of 7?
False
Does 16 divide 496?
True
Is 220 a factor of 162580?
True
Does 2 divide 174?
True
Is 61 a factor of 24705?
True
Is 592 a multiple of 2?
True
Is 90 a multiple of 3?
True
Does 44 divide 108966?
False
Is 6867 a multiple of 22?
False
Does 3 divide 597?
True
Is 2636 a multiple of 10?
False
Does 11 divide 10011?
False
Is 12065 a multiple of 3?
False
Is 4791 a multiple of 18?
False
Is 9 a factor of 9162?
True
Is 46 a factor of 1055?
False
Is 1080 a multiple of 8?
True
Does 16 divide 608?
True
Does 11 divide 572?
True
Is 129 a factor of 91461?
True
Is 6840 a multiple of 4?
True
Does 6 divide 54636?
True
Is 1911 a multiple of 13?
True
Does 28 divide 7224?
True
Is 16 a factor of 1409?
False
Is 36 a factor of 5580?
True
Is 2144 a multiple of 32?
True
Does 45 divide 771?
False
Is 9090 a multiple of 45?
True
Is 1095 a multiple of 73?
True
Is 9125 a multiple of 207?
False
Is 7 a factor of 1126?
False
Does 17 divide 30?
False
Is 18 a factor of 21798?
True
Is 24 a factor of 5274?
False
Is 229 a multiple of 2?
False
Is 333 a multiple of 7?
False
Is 17 a factor of 25031?
False
Is 62 a factor of 375?
False
Is 16 a factor of 64?
True
Does 109 divide 17767?
True
Does 87 divide 2958?
True
Does 170 divide 22559?
False
Is 6 a factor of 2352?
True
Is 4460 a multiple of 4?
True
Is 12 a factor of 2249?
False
Does 10 divide 1955?
False
Is 13 a factor of 745?
False
Is 900 a multiple of 18?
True
Is 170 a factor of 43690?
True
Does 11 divide 198?
True
Is 49 a factor of 1715?
True
Does 28 divide 392?
True
Is 29 a factor of 13628?
False
Is 32351 a multiple of 181?
False
Is 18 a factor of 11725?
False
Is 907 a multiple of 2?
False
Is 1702 a multiple of 5?
False
Is 11 a factor of 2668?
False
Is 270 a multiple of 15?
True
Is 5 a factor of 1097?
False
Is 478 a multiple of 24?
False
Does 25 divide 4400?
True
Is 82478 a multiple of 65?
False
Is 1533 a multiple of 8?
False
Is 43 a factor of 2236?
True
Is 8 a factor of 768?
True
Is 11 a factor of 9405?
True
Is 3 a factor of 218?
False
Is 14 a factor of 2996?
True
Does 3 divide 465?
True
Does 43 divide 824?
False
Is 3970 even?
True
Is 1917 a multiple of 27?
True
Is 23 a factor of 943?
True
Is 1308 a multiple of 12?
True
Does 18 divide 27108?
True
Is 1400 a multiple of 25?
True
Is 500 a multiple of 10?
True
Is 120 a multiple of 13?
False
Does 81 divide 17334?
True
Is 1907 a multiple of 5?
False
Is 43 a factor of 2236?
True
Is 40 a multiple of 25?
False
Does 22 divide 1078?
True
Is 920 a multiple of 28?
False
Is 48 a factor of 19008?
True
Does 13 divide 353?
False
Does 50 divide 33747?
False
Does 8 divide 806?
False
Is 87227 a multiple of 17?
True
Does 74 divide 1110?
True
Is 7 a factor of 252?
True
Is 14448 a multiple of 14?
True
Is 14 a factor of 8121?
False
Is 27 a factor of 2079?
True
Does 40 divide 2040?
True
Is 81 a factor of 9396?
True
Is 81 a factor of 3142?
False
Does 5 divide 679?
False
Is 3369 a multiple of 36?
False
Does 13 divide 935?
False
Does 31 divide 15934?
True
Is 28 a factor of 2744?
True
Does 5 divide 2283?
False
Is 1018 a multiple of 4?
False
Is 94 even?
True
Is 6175 a multiple of 4?
False
Does 23 divide 1878?
False
Does 46 divide 5336?
True
Does 307 divide 23040?
False
Is 23350 a multiple of 25?
True
Is 60 a factor of 3318?
False
Is 1892 a multiple of 11?
True
Does 39 divide 924?
False
Does 40 divide 15412?
False
Is 355 a multiple of 2?
False
Is 16 a multiple of 3?
False
Does 165 divide 10401?
False
Does 144 divide 864?
True
Is 14383 a multiple of 16?
False
Is 43 a factor of 1677?
True
Is 159 a multiple of 53?
True
Is 15 a factor of 968?
False
Does 86 divide 2063?
False
Is 8 a factor of 61?
False
Is 62 a factor of 1425?
False
Is 97 a multiple of 25?
False
Does 10 divide 168?
False
Is 9799 a multiple of 122?
False
Is 34 a factor of 20434?
True
Does 50 divide 33750?
True
Is 9 a factor of 10638?
True
Does 62 divide 1939?
False
Is 23828 a multiple of 92?
True
Is 6570 a multiple of 15?
True
Is 49 a factor of 2303?
True
Is 18 a factor of 9745?
False
Does 143 divide 572?
True
Is 2010 a multiple of 72?
False
Is 17 a factor of 46030?
False
Is 2496 a multiple of 55?
False
Is 7 a factor of 510?
False
Is 26 a factor of 3016?
True
Is 15 a factor of 300?
True
Does 5 divide 370?
True
Is 294 a multiple of 3?
True
Does 19 divide 33497?
True
Is 33 a factor of 1588?
False
Does 7 divide 2163?
True
Is 4858 a multiple of 154?
False
Is 24175 a multiple of 5?
True
Does 67 divide 134?
True
Does 40 divide 80?
True
Is 24 a factor of 864?
True
Does 3 divide 11289?
True
Is 24 a factor of 210?
False
Does 6 divide 32?
False
Does 11 divide 1133?
True
Is 7 a factor of 288?
False
Is 121365 a multiple of 87?
True
Does 16 divide 2387?
False
Is 98 a factor of 882?
True
Is 1872 a multiple of 47?
False
Does 123 divide 11830?
False
Does 35 divide 1890?
True
Does 31 divide 4196?
False
Is 19 a factor of 1344?
False
Does 11 divide 616?
True
Is 104 a factor of 66144?
True
Does 32 divide 5504?
True
Does 41 divide 1681?
True
Does 120 divide 5760?
True
Does 16 divide 6816?
True
Is 22 a factor of 8910?
True
Is 398 a factor of 39964?
False
Is 3 a factor of 24514?
False
Is 13575 a multiple of 181?
True
Does 16 divide 28268?
False
Is 680 a multiple of 17?
True
Is 75 a factor of 9675?
True
Does 71 divide 3266?
True
Is 847 a multiple of 71?
False
Does 75 divide 9675?
True
Does 17 divide 969?
True
Is 2548 a multiple of 13?
True
Is 10 a factor of 3007?
False
Does 71 divide 168?
False
Is 19826 a multiple of 71?
False
Is 18278 a multiple of 19?
True
Does 7 divide 9053?
False
Does 81 divide 21993?
False
Is 272 a multiple of 41?
False
Does 33 divide 627?
True
Does 123 divide 286?
False
Does 39 divide 156?
True
Is 63 a factor of 1764?
True
Is 9 a factor of 9045?
True
Is 37 a factor of 1554?
True
Is 79 a factor of 2604?
False
Does 14 divide 24752?
True
Does 65 divide 1365?
True
Does 5 divide 2624?
False
Is 63 a factor of 18714?
False
Does 30 divide 5340?
True
Does 17 divide 3740?
True
Does 13 divide 403?
True
Is 30744 a multiple of 84?
True
Is 69 a factor of 42753?
False
Does 46 divide 9706?
True
Does 3 divide 2809?
False
Is 4860 a multiple of 27?
True
Is 1716 a multiple of 16?
False
Is 79674 a multiple of 16?
False
Is 57 a factor of 36879?
True
Is 7812 a multiple of 11?
False
Does 2 divide 14245?
False
Is 27 a factor of 2700?
True
Is 36 a factor of 648?
True
Does 5 divide 445?
True
Is 4556 a multiple of 134?
True
Is 30 a factor of 9188?
False
Is 10140 a multiple of 30?
True
Does 116 divide 464?
True
Is 121 a factor of 99259?
False
Is 34 a factor of 19605?
False
Is 5 a factor